 is the tens digit of f?
2
Let g(z) = -2*z + 28. Let y be g(13). Suppose -184 = -3*c + 2*u, 0 = -0*u + u + y. What is the tens digit of c?
6
Let f = 0 - -2. Suppose u + f*u - 12 = 0. Suppose -29 = -u*y + 67. What is the units digit of y?
4
Let r(s) = 8*s**3 + 4*s**2 - 4*s + 2. Let q be r(2). Suppose -2*i + 0*i = -q. Suppose -n + 56 = 2*k, -4*n - i + 0 = -k. What is the units digit of k?
9
Let x = 1147 + 887. Suppose 6*o - x = -3*o. What is the tens digit of o?
2
Let p = 1914 - 1349. What is the units digit of p?
5
What is the units digit of (-140)/((-4)/((-8)/(-1))) + -6?
4
Let f(c) = 22*c**2 + 4*c + 16. Let p be f(6). Suppose 4*m + 180 = p. What is the units digit of m?
3
Suppose -4*j - 14 = 3*l, 2*j + 2*j = 4*l - 28. Suppose l*s = 3 + 5. What is the units digit of s?
4
Let p(j) = j**3 + 15*j**2. Suppose -2*u - 29 = 1. Let q be p(u). Suppose q*a = 5*a - 110. What is the tens digit of a?
2
Let q(v) = -v**3 - 9*v**2 + 6*v - 4. Let k be q(-7). Let x = -84 - k. What is the tens digit of x?
6
Let i = -36 + 32. Let r(x) = 16*x**2 + 6*x + 15. What is the units digit of r(i)?
7
Let y be (40 - 2) + 1 + 3. Suppose 2*p = -4*p + y. What is the units digit of p?
7
Let o = 4304 - 2433. What is the tens digit of o?
7
Let v = 538 - 259. What is the tens digit of v?
7
Suppose 1 = 2*l - 71. Suppose 8*x - 5*x + l = 0. Let b(a) = a**3 + 13*a**2 + 11*a + 14. What is the tens digit of b(x)?
2
Let n = 1328 - 413. Suppose 2*x = -5*o + x + n, 0 = 5*x. What is the hundreds digit of o?
1
What is the hundreds digit of 11/(-11)*4/(16/(-5044))?
2
Suppose -1158*b = -1163*b + 1605. What is the units digit of b?
1
Let l = -358 - -799. What is the units digit of l?
1
Let f = 22 - 41. Let c = 32 + f. Suppose -c - 34 = -3*q + 4*p, 3*p = 12. What is the tens digit of q?
2
Suppose 0 = 219*l - 212*l - 679. What is the tens digit of l?
9
Let y(x) = -38*x - 27. Let v be y(-5). Let h = 241 - v. What is the units digit of h?
8
Let t(c) = c**2 - 9*c + 11. Let r be t(8). Suppose 384 = 9*w - r*w. What is the tens digit of w?
6
Suppose 13*k = f + 17*k - 1034, -4*f + 4122 = 2*k. What is the tens digit of f?
3
Let u(f) = 9*f**3 - f**2 - f - 3. Let s be 6*(12/9 - 1). What is the tens digit of u(s)?
6
Let c be (10/(-3))/(1/(-6)). Suppose -2*m = 2*j + 20, -3*j = -20*m + 16*m - 61. Let p = m + c. What is the units digit of p?
7
Suppose -478 = -5*u - 118. Suppose -4*k - u = -664. What is the tens digit of k?
4
What is the hundreds digit of 3 - (-1 - 3 - 1416) - 3?
4
Suppose 3*a = 7 - 1. Suppose a*i + 5 = -3*k + 1, 5*k - 2*i = 20. What is the units digit of (7/k)/(3/6)?
7
Let q(c) = c**3 - 9*c**2 - 10*c + 4. Let t be q(10). Suppose -t*i = -i - 75. What is the units digit of i?
5
Let i = 26 + -16. What is the units digit of ((-10)/(-3))/(i/15)?
5
What is the hundreds digit of -20*8/(-32) + 1881?
8
Let h(q) = q + 11. Let f be 4 - 6 - (-5)/(-1). Let p be h(f). Suppose p*a = -4*v + 156, -145 = -3*v + 5*a - a. What is the tens digit of v?
4
Let o = 1167 - 685. What is the hundreds digit of o?
4
Suppose 0 = -0*d + 7*d - 126. Let n = -8 + d. What is the units digit of n?
0
Let y(k) = -2*k**2 + 23*k - 16. Let u be y(21). Let t = u + 659. What is the hundreds digit of t?
2
Let u(o) = 3*o**2 + 6. Let w be u(2). Let y be 12*((-6)/4)/(-3). Suppose 2*g = -2*b + y, -4*g + 2*b = 4*b - w. What is the units digit of g?
6
Let k be (-94)/(-141)*(-15)/(-2). Let o(w) be the first derivative of 2*w**3/3 - 5*w**2/2 - 3*w + 1. What is the units digit of o(k)?
2
What is the units digit of 128*4 + 9 + (-6 - 6)?
9
Suppose 3*u - u - 642 = -3*n, 4*u - 1328 = 5*n. What is the units digit of u?
7
Suppose -2*i + 1 = 2*n - 1, -14 = -4*i - 2*n. Let z be (1 - -2 - 4)*0. Suppose -i*c + 9*c - 174 = z. What is the units digit of c?
8
Let l = -1 + -4. Let n(w) be the third derivative of w**5/30 + w**4/8 + 5*w**3/6 + 6*w**2. What is the tens digit of n(l)?
4
Let t = 38 - 38. Suppose v + 6 - 29 = t. What is the units digit of v?
3
Suppose x + 4*i - 1566 = 0, -6298 = -4*x + 9*i - 8*i. What is the tens digit of x?
7
Let q = 1367 + -314. What is the units digit of q/18 + 1/(-2)?
8
Let p(s) = s**2 - 8*s + 7. Let r be p(7). Suppose -n + r*n = -1. What is the units digit of (n/2)/((-4)/(-120))?
5
What is the hundreds digit of -1 + 24/21 + 433836/364?
1
Suppose 8*o = -2*o + 5140. What is the hundreds digit of o?
5
Let j = -23 + -23. Let s = j + 67. What is the tens digit of s?
2
Suppose 5*l = 15, 5*c - 91 = 2*l - 4*l. Suppose 2*u + 2 = -2*n, -2*n - 34 + 4 = -5*u. Let g = u + c. What is the tens digit of g?
2
Let d = 4257 + -1845. What is the thousands digit of d?
2
What is the hundreds digit of ((-164)/8)/(-1)*20/2?
2
Let x(o) = -8*o + 12. Let h be x(-14). Let k = 74 - h. What is the tens digit of (-1)/(-3) - k/3?
1
Let z = -23 + 19. Let q(g) = g**3 + 7*g**2 + 7*g + 6. Let l be q(z). Let n = l + -11. What is the tens digit of n?
1
What is the units digit of (7238/(-21))/((-7)/21)?
4
What is the hundreds digit of 262*((-17)/(-18) - (-20)/(-45))?
1
Let z(v) = 4*v**2 - 21*v - 8. What is the tens digit of z(-21)?
9
Let r = 8 + -7. Let z(j) = j + 1. Let v(g) = -14*g + 4. Let n(d) = r*v(d) + 12*z(d). What is the units digit of n(0)?
6
Let f(w) = 30*w**2 + 7*w - 41. What is the tens digit of f(4)?
6
Let l be 1 - (8/(-2) + 0). Let j(w) = w**3 - 3*w**2 + 3*w - 5. What is the tens digit of j(l)?
6
Let t(o) = 15*o - 35. Let s be t(4). Suppose -5*m - 4*p + 211 = 0, 2*m - 4*p - s - 65 = 0. What is the tens digit of m?
4
Let y be ((-8)/14)/((-2)/35). Suppose y*k + 87 = 11*k. What is the tens digit of k?
8
Suppose 89554 + 22271 = 45*n. What is the tens digit of n?
8
Suppose -t + 1 = 0, -10*t + 4285 = 3*h - 9*t. What is the thousands digit of h?
1
Let r(k) = 4*k**3 + 2*k**2 - 1. Let w be r(1). Let i be w*3*(-4)/(-12). Suppose 3*v - i = 7. What is the units digit of v?
4
Let n be (9 - 35)/(((-3)/1)/12). Suppose 0 = -q + n + 231. What is the hundreds digit of q?
3
Suppose 11*a - 9*a + 5*h + 100 = 0, 0 = -2*h - 8. Let z(c) = -c**3 + 7*c**2 + 1. Let w be z(5). Let d = w + a. What is the tens digit of d?
1
Suppose 18 = -p + 2*b + 52, -4*p - 4*b = -88. Let f = 28 - p. Suppose -3*g + 0*a + 91 = 4*a, -30 = -f*g + 5*a. What is the units digit of g?
5
Let q = 5746 - 4028. What is the tens digit of q?
1
Let t = 1889 + -824. What is the hundreds digit of t?
0
Suppose -13*i = -2*i - 7854. What is the tens digit of i?
1
Suppose 0 = -0*l - 3*l + 2*o + 957, 639 = 2*l - o. Suppose -2*q + l = 83. What is the hundreds digit of q?
1
What is the tens digit of (46/69)/(2/561)?
8
Suppose 2*k = -6*k + 168. What is the units digit of (-228)/(-2)*14/k?
6
Let z(n) = -6*n**2 + 4*n - 3 + 2*n**2 + 8*n**2. What is the units digit of z(3)?
5
Let g(t) = 32*t**3 - 3*t + 1. Let i be g(-2). Let s = i + 350. What is the hundreds digit of s?
1
Let f = 416 + -142. What is the hundreds digit of f?
2
Suppose 0 = 2*c - 5*i + 16, -i + 3 = -1. Let x = c + 2. Suppose 0 = r - x*r + 69. What is the units digit of r?
3
Let i(t) = 17*t**2 - 4*t - 2. Let p = -27 + 29. What is the tens digit of i(p)?
5
Let r = -17 - -41. Suppose -f + r = -44. What is the units digit of f?
8
Let u(n) = 206*n - 77. What is the tens digit of u(7)?
6
Suppose 2*l - 7 = 5*v, 2*l - 10 = l - 4*v. Suppose -2*j = -l*j + 56. What is the units digit of 7*24/j*3?
6
Suppose -88*f = -5*f - 277967. What is the hundreds digit of f?
3
Let q(w) = 6*w**3 + 2*w + 1. Let n be q(-1). Let r = n - -3. What is the tens digit of r/(-12) - (-142)/6?
2
Suppose 0*a + 32 = 4*q - 3*a, -36 = -4*q + 4*a. Suppose -q*o - 2*m = 3*m - 65, 2*m = -o + 18. Suppose 2*s + 330 = o*s. What is the tens digit of s?
5
Let j(h) = -137*h - 725. What is the tens digit of j(-43)?
6
Let i(c) = -29*c + 1 + 13*c + 21*c. Let z be i(9). Suppose l = -2*n + 6*n - z, -2*n = 4*l - 32. What is the tens digit of n?
1
Let g(c) = c**2 + 9*c + 11. Suppose -q - 5*v = -3*q - 36, -2*q - 4*v = 18. Let n = q + 3. What is the units digit of g(n)?
1
Let t(u) = -2*u**2 + 4*u + 6. Let j be t(4). What is the tens digit of j/(-15)*93/2?
3
Let z = -32 - -77. Suppose -z = -5*v - 0*v. Suppose 3*j - v = -0*j. What is the units digit of j?
3
Let l(z) = z - 16. Let w be l(20). Suppose -4*c - 430 = -w*u + 134, -2*u = 4*c - 294. What is the units digit of u?
3
Let g = 157 + -76. What is the units digit o